 f?
6
Let y = 987 + -982. What is the remainder when 2013 is divided by y?
3
Let g = 54 + 49. Suppose -8 = 4*t, 7*t = -3*s + 2*t + 68. Calculate the remainder when g is divided by s.
25
Let u be (-160)/26 - 20/(-130). Let k be (-8 - u) + 9 + 0. Let f = k - 4. What is the remainder when f is divided by 1?
0
Calculate the remainder when 21 is divided by 0 - (-1)/(-3)*-57.
2
Suppose 36 = 9*j - 12*j. Calculate the remainder when 23 is divided by 9 + -3 + 2 + j/(-3).
11
What is the remainder when (-9336)/(-552) - (-4)/46 is divided by 6?
5
Let g = -76 - -149. What is the remainder when g is divided by (-10)/3*6*(-110)/88?
23
Suppose 2*z - 6*z = -5*l - 101, 2*l + 2 = 0. Let p = 19 - -76. Calculate the remainder when p is divided by z.
23
Suppose -13536 + 4096 = -59*a. Calculate the remainder when a is divided by 49.
13
Suppose 0 = -20*j + 113 + 107. Calculate the remainder when j is divided by 2.
1
Suppose -170 = -3*v - 5. Calculate the remainder when v is divided by 6/9 + (-120)/(-9).
13
Suppose 3*y = -3*q + 258, q - 2*y - 188 = -q. What is the remainder when 898 is divided by q?
88
Suppose -2*g + 4*z + 3 = 3*z, -5*z + 13 = 4*g. Calculate the remainder when 84 + 2*g/(-4) is divided by (-2)/((-2)/28*(-5)/(-5)).
27
Let h be 242/2 + -6 - (3 - 0). Suppose 0 = 5*s - h - 23. What is the remainder when s is divided by 9?
0
Let f = -808 + 816. Let c = -18 + 31. Calculate the remainder when c is divided by f.
5
Suppose -4*a - 84 = 3*g, -g + 93 = -5*g + a. Let v = g + 29. Calculate the remainder when 28 is divided by v.
3
Suppose -2*n + 2*y + 20 = 0, -2*y - 63 = -5*n - 10. Suppose -4*r - 49 = -2*b + 1, -b + r + 23 = 0. Calculate the remainder when b is divided by n.
10
Suppose -4*v = -g + 152, 48*v - 53*v - 154 = -g. What is the remainder when g is divided by 21?
18
Suppose 1964 + 1446 = 55*q. Calculate the remainder when 490 is divided by q.
56
Let t(n) = 3 + 10*n - 13 - n + n**2 - 5. What is the remainder when 23 is divided by t(-11)?
2
What is the remainder when 81 - (-6)/(54/45) is divided by 32?
22
Suppose 4*y - 115 = -y. Suppose 46*r - 1820 - 1216 = 0. What is the remainder when r is divided by y?
20
Let k(v) = 6*v - 9. Let p = 52 + -45. Calculate the remainder when k(p) is divided by 12.
9
Let b = -11 + 14. Let d = b + 24. Calculate the remainder when (-5)/(-10) + d/2 is divided by 5.
4
Let p(r) be the second derivative of r**3 + 79*r**2/2 - 37*r. Calculate the remainder when 38 is divided by p(-12).
3
Suppose -74 = 22*f - 24*f. Suppose -11*s - f = -895. Calculate the remainder when s is divided by 16.
14
Let h(x) = x**3 - 15*x**2 - 2*x + 37. Calculate the remainder when 34 is divided by h(15).
6
Let b = 461 + -74. What is the remainder when b is divided by 79?
71
Suppose 3*h - 84 = 3*z, h + 2*z = -0*h + 43. What is the remainder when 11 is divided by 1/2 - h/(-6)?
5
Suppose 7*i = 4*i - 3, 4*d - 440 = -4*i. Suppose 2*u + u - 87 = 0. What is the remainder when d is divided by u?
24
Suppose 5*g - 1424 = -0*g - c, 860 = 3*g - 5*c. What is the remainder when g is divided by 69?
9
Let i = -12 + 16. What is the remainder when 13 is divided by -2 + i + (2 - -4)?
5
Suppose -60*i + 1920 = -52*i. Calculate the remainder when i is divided by 81.
78
Let f(y) = -15*y - 231. What is the remainder when 91 is divided by f(-17)?
19
Let j = -34 + 62. Let v = j - 24. What is the remainder when 5 is divided by v?
1
Suppose -4*p - 116 = 104. Let g = 75 + p. Calculate the remainder when 159 is divided by g.
19
Let b(a) = -a + 40. What is the remainder when 138 is divided by b(-25)?
8
Suppose 4*j + h = 1551 - 550, -2*j = 5*h - 523. What is the remainder when j is divided by 81?
6
Let b = 340 + -322. What is the remainder when 27 is divided by b?
9
Let k = 22 + -18. Suppose -5*f + k*y - 3*y + 71 = 0, -4*y = 3*f - 61. Calculate the remainder when f is divided by 3.
0
Let f(c) = c**2 + 4*c + 10. Calculate the remainder when 86 - (-4)/(-1 + -1) is divided by f(-6).
18
Suppose -4*p + 3*p = -33. What is the remainder when 130 is divided by p?
31
Let x(w) = 2*w**3 - 34*w**2 + 8*w + 23. Calculate the remainder when x(17) is divided by 82.
77
Suppose -260 = d - 277. Let i = 9 - 6. Suppose 4*m + 111 = i*w - 24, -w + 2*m + 43 = 0. What is the remainder when w is divided by d?
15
Suppose -31*a + 1998 = 6*a. Calculate the remainder when 1187 is divided by a.
53
Let i(a) = 45*a - 2. Let t be i(1). Suppose 2*k - 16 = 4*l, 5*k - 5*l + 8 = t. Let q(g) = 2*g**2 - 3*g. What is the remainder when q(k) is divided by 11?
10
Let r = -28 + 32. Suppose -6*t = -r - 14. What is the remainder when t is divided by 1?
0
Suppose 45*h - 46*h + 8 = 0. What is the remainder when 22 is divided by 6/(-48) + 49/h?
4
Let c be (-4)/5*30/4. Let i = c + 7. Calculate the remainder when 47 is divided by i - (-3)/3*15.
15
Let l = -23 + 25. Let i(x) = 5*x - 7. Calculate the remainder when 9 is divided by i(l).
0
Let k be 95/(-10) + ((-4)/8)/(-1). What is the remainder when 87 is divided by 40 - (5 + k - 1)?
42
Suppose 2*s - 25 = -w + 7, 0 = -w - 2. Calculate the remainder when 93 is divided by s.
8
Let a(v) = 8*v - v - 6*v + 10 + 14. Let u be a(-8). Calculate the remainder when 15 is divided by u/(-24)*(-18)/4.
0
Let q(b) = -23*b - 289. What is the remainder when q(-22) is divided by 45?
37
Suppose -44*n + 175 = -309. Let a = 29 - -3. Calculate the remainder when a is divided by n.
10
Suppose 2*j - 2878 = -4*c, 30*c - 5*j = 26*c + 2857. What is the remainder when c is divided by 20?
18
Suppose -13*a + 30 = -35. Let p(f) = -f**3 + 6*f**2 - 2*f - 12. Calculate the remainder when 7 is divided by p(a).
1
Suppose -j - 3*c + 0*c = -16, 4*j - 16 = 4*c. Suppose -j = 3*g - 73. Calculate the remainder when 39 is divided by g.
17
Let c(i) = i**3 + 7*i**2 - 9*i - 3. Let l be c(-8). Let k be 84/60*l*1. Suppose -g - 84 = -k*g. What is the remainder when 26 is divided by g?
12
Suppose 89 = 2*v + 33. Calculate the remainder when 96 is divided by v.
12
Suppose -3*i + g + 144 = 0, 2*i + 0*g = g + 96. Suppose 30 = -m - i. Calculate the remainder when 31 is divided by m/(-5) + 6/15.
15
Let r = -10 + 20. Let l = r - 8. What is the remainder when l is divided by -2 - -6*(-2)/(-4)?
0
Let j = 4 - -3. Suppose -x - 1 = -5*n, -2*x - 1 - 1 = 3*n. Suppose -6*p + 91 + 71 = n. Calculate the remainder when p is divided by j.
6
Let s = 129 + -57. Suppose 4*o - 5*q = 92, -3*q + 0 = -3*o + s. What is the remainder when 54 is divided by o?
26
Let a = 1 + 11. Let z(o) = -3*o**2 - 40*o + 19. What is the remainder when z(-13) is divided by a?
8
Suppose l - 82 = i + 3*i, -5*l - 2*i = -322. What is the remainder when 196 is divided by l?
64
Let v(y) = 7*y**2 + 11*y. Calculate the remainder when v(-5) is divided by 32.
24
Let b(j) = 3*j + 9. Let o(l) = -l**2 - 16*l + 43. Let z be o(-18). Calculate the remainder when b(z) is divided by 11.
8
Let r be ((-6)/4)/((-3)/6). Suppose 13 = -r*a + 52. Let j(k) = -2*k**2 + 22*k + 7. Calculate the remainder when j(7) is divided by a.
11
Let i = -245 - -648. What is the remainder when i is divided by 58?
55
Let z(o) = -13 + 5*o - 13 - 3 + 8. What is the remainder when z(6) is divided by 3?
0
Suppose 0 = -5*f + 25 - 0, 2*x - 4*f = -14. Suppose -9*d + 5*d + 100 = 0. Calculate the remainder when (-8)/(-12) - (-1 - d/3) is divided by x.
1
Suppose 5292 = r + 3*r. Let l = -10 - -19. Calculate the remainder when 2/(-11) - r/(-77) is divided by l.
8
Suppose -8*g + 11*g + 15 = -2*t, 5*t = -5*g - 20. Let i(d) = 3*d**2 - 2*d - 10. Calculate the remainder when i(g) is divided by 19.
18
Let f = 5174 - 3569. What is the remainder when f is divided by 134?
131
Let i(f) = 2*f**2 - f + 76. Let m be i(0). Let b = m + -64. Calculate the remainder when 56 is divided by b.
8
Let q = -319 + 374. What is the remainder when q is divided by 20?
15
Let y(p) = -p**3 + 35*p**2 - 34*p + 29. Suppose 0 = o - 5*o + 212. What is the remainder when o is divided by y(34)?
24
Suppose -4*u + 18 - 6 = 0. What is the remainder when 109 is divided by u?
1
Let u = 6 + 11. What is the remainder when u is divided by (-6*2/(-15))/(2/10)?
1
Let m = 265 + -261. Calculate the remainder when 29 is divided by m.
1
Let c(n) = -n**3 - 15*n**2 - 14*n + 2. Let y be c(-14). Suppose 5*x - 54 = 2*x. Calculate the remainder when y + 0 - (5 - 4)*-32 is divided by x.
16
Let 